{"id":119,"date":"2018-01-05T14:24:34","date_gmt":"2018-01-05T14:24:34","guid":{"rendered":"http:\/\/lisawp.ploetz-online.de\/?page_id=119"},"modified":"2023-08-30T13:48:43","modified_gmt":"2023-08-30T13:48:43","slug":"kanuerfolge","status":"publish","type":"page","link":"http:\/\/lisa.ploetz-online.de\/?page_id=119","title":{"rendered":"Kanuerfolge"},"content":{"rendered":"<p><strong>Saison 2023<\/strong><\/p>\n<p>3. Platz bei der Deutschen Marathon Meisterschaft in Rheine im K1 \u00fcber 19,1 km<br \/>\n3. Platz bei einem internationalen Wettkampf in Sanabria (ESP) im K4 \u00fcber 5 km (Nationalmannschaft)<br \/>\n3. Platz bei einem internationalen Wettkampf in Valladolid (ESP) im K4 \u00fcber 5 km (Nationalmannschaft)<\/p>\n<p>insgesamt drei dritte Pl\u00e4tze bei verschiedenen Regatten in der Saison<\/p>\n<p><strong>Saison 2022<\/strong><\/p>\n<p>1. Platz bei den offenen Niederl\u00e4ndischen Meisterschaften in Rotterdam (NED) im K2 \u00fcber 20 km<\/p>\n<p>insgesamt drei Siege und zwei zweite Pl\u00e4tze bei verschiedenen Regatten in der Saison<\/p>\n<p><strong>Saison 2021<\/strong><\/p>\n<p>17. Platz bei dem Kanumarathon World Cup in Paris (FRA) im K1 \u00fcber 3,4 km<br \/>\n15. Platz bei dem Kanumarathon World Cup in Paris (FRA) im K1 \u00fcber 26,2 km<br \/>\n5. Platz bei einem internationalen Wettkampf in Sanabria (ESP) im K4 \u00fcber 5 km (Nationalmannschaft)<br \/>\n10. Platz bei den Nordischen Meisterschaften in Silkeborg (DEN) im K1 \u00fcber 3,4 km (Nationalmannschaft)<br \/>\n6. Platz bei den Nordischen Meisterschaften in Silkeborg (DEN) im K2 \u00fcber 22,4 km (Nationalmannschaft)<br \/>\n1. Platz bei den offenen Niederl\u00e4ndischen Meisterschaften in Rotterdam (NED) im K2 \u00fcber 20 km<br \/>\n1. Platz bei den Deutschen Marathon Meisterschaften in Rheine im K1 \u00fcber 19,1 km<\/p>\n<p>insgesamt drei Siege und zwei zweite Pl\u00e4tze bei verschiedenen Regatten in der Saison<\/p>\n<p><strong>Saison 2020<\/strong><\/p>\n<p>1. Platz bei den Deutschen Marathon Meisterschaften in Rheine im K1 \u00fcber 19,1 km<\/p>\n<p>insgesamt zwei Siege und zwei zweite Pl\u00e4tze bei verschiedenen Regatten in der Saison<\/p>\n<p><strong>Saison 2019<\/strong><\/p>\n<p>12. Platz bei dem Kanumarathon World Cup in Oslo (NOR) im K1 \u00fcber 3,4 km<br \/>\n15. Platz bei dem Kanumarathon World Cup in Oslo (NOR) im K1 \u00fcber 26,2 km<br \/>\n3. Platz bei den S\u00fcddeutschen Meisterschaften in Mannheim im K1 \u00fcber 1.000 m<br \/>\n2. Platz bei den S\u00fcddeutschen Meisterschaften in Mannheim im K1 \u00fcber 4.000 m<br \/>\n1. Platz bei den offenen Niederl\u00e4ndischen Meisterschaften in Rotterdam (NED) im K2 \u00fcber 20 km<\/p>\n<p>insgesamt ein Sieg, sechs zweite Pl\u00e4tze und zwei dritte Pl\u00e4tze bei verschiedenen Regatten in der Saison<\/p>\n<p><strong>Saison 2018<\/strong><\/p>\n<p>2. Platz bei dem Waterland Marathon in Amsterdam (NED) im K1 \u00fcber 14 km<br \/>\n2. Platz bei den Deutschen Marathon Meisterschaften in Kassel im K1 \u00fcber 26,8 km<br \/>\n1. Platz bei den S\u00fcddeutschen Marathon Meisterschaften in Kassel im K1 \u00fcber 26,8 km<br \/>\n4. Platz bei den Nordischen Meisterschaften in Silkeborg (DEN) im K1 \u00fcber 2,8 km (Nationalmannschaft)<br \/>\n4. Platz bei den Nordischen Meisterschaften in Silkeborg (DEN) im K2 \u00fcber 22,9 km (Nationalmannschaft)<br \/>\n3. Platz bei den S\u00fcddeutschen Meisterschaften in Mannheim im K1 \u00fcber 1.000 m<br \/>\n3. Platz bei den S\u00fcddeutschen Meisterschaften in Mannheim im K1 \u00fcber 5.000 m<br \/>\n2. Platz bei den offenen Niederl\u00e4ndischen Meisterschaften in Rotterdam (NED) im K2 \u00fcber 20 km<\/p>\n<p>insgesamt neun Siege, 14 zweite Pl\u00e4tze und neun dritte Pl\u00e4tze bei verschiedenen Regatten in der Saison<\/p>\n<p><strong>Saison 2017<\/strong><\/p>\n<p>1. Platz bei der internationalen Regatta in Neerpelt (BEL) im K2 \u00fcber 15 km<br \/>\n2. Platz bei der Offenen Belgischen Meisterschaft in Geel (BEL) im K2 \u00fcber 18 km<br \/>\n1. Platz bei den Deutschen Marathon Meisterschaften in Rheine im K2 \u00fcber 24,1 km<br \/>\n2. Platz bei den Offenen Niederl\u00e4ndischen Meisterschaften in Rotterdam (NED) im K2 \u00fcber 20 km<\/p>\n<p>insgesamt f\u00fcnf Siege, f\u00fcnf zweite Pl\u00e4tze und acht dritte Pl\u00e4tze bei verschiedenen Regatten in der Saison<\/p>\n<p><strong>Saison 2016<\/strong><\/p>\n<p>3. Platz bei den S\u00fcddeutschen Meisterschaften in M\u00fcnchen im K4 \u00fcber 500m<br \/>\n3. Platz bei den S\u00fcddeutschen Meisterschaften in M\u00fcnchen im K4 \u00fcber 200m<br \/>\n1. Platz bei den Landesmeisterschaften in Kaiserslautern im K1 \u00fcber 500m<br \/>\n1. Platz bei den Landesmeisterschaften in Kaiserslautern im K2 \u00fcber 500m<\/p>\n<p>insgesamt sechs Siege, 13 zweite Pl\u00e4tze und acht dritte Pl\u00e4tze bei verschiedenen Regatten in der Saison<\/p>\n<p><strong>Saison 2015<\/strong><\/p>\n<p>3. Platz bei den Deutschen Kanumarathon Meisterschaften in Rheine im K2 (Damen Junioren) \u00fcber 21,3 km<br \/>\n1. Platz bei den Landesmeisterschaften in Lampertheim im K2 (Damen Junioren) \u00fcber 5.000 m<br \/>\n1. Platz bei den Landesmeisterschaften in Kaiserslautern im K1 (Damen Junioren) \u00fcber 500 m<br \/>\n1. Platz bei den Landesmeisterschaften in Kaiserslautern im K2 (Damen Junioren) \u00fcber 500 m<\/p>\n<p>insgesamt acht Siege, 11 zweite Pl\u00e4tze und f\u00fcnf dritte Pl\u00e4tze bei verschiedenen Regatten in der Saison<\/p>\n<p><!--more--><\/p>\n<p><strong>Saison 2014<\/strong><\/p>\n<p>3. Platz bei den Deutschen Kanumarathon Meisterschaften in M\u00fcnchen im K2 (Damen Junioren) \u00fcber 22,3 k m<br \/>\n10. Platz bei den Deutschen Kanumarathon Meisterschaften in M\u00fcnchen im K1 (weibliche Jugend) \u00fcber 22,3 km<br \/>\n2. Platz bei den S\u00fcddeutschen Meisterschaften in Mannheim-Sandhofen im K2 (weibliche Jugend) \u00fcber 4.000 m<br \/>\n1. Platz bei den Landesmeisterschaften in Wiesbaden im K2 (weibliche Jugend) \u00fcber 5.000 m<br \/>\n1. Platz bei den Landesmeisterschaften in Kaiserslautern im K2 (weibliche Jugend) \u00fcber 500 m<br \/>\n1. Platz bei den Landesmeisterschaften in Kaiserslautern im K1 (weibliche Jugend) \u00fcber 500 m<\/p>\n<p>insgesamt 20 Siege, sieben zweite Pl\u00e4tze und sechs dritte Pl\u00e4tze bei verschiedenen Regatten in der Saison<\/p>\n<p><span style=\"letter-spacing: 0.0px;\"><strong>Saison 2013<\/strong><\/span><\/p>\n<p><span style=\"letter-spacing: 0.0px;\">9. Platz bei den Deutschen Kanumarathon Meisterschaften in Kassel im K1 (weibliche Jugend) \u00fcber 21,7 k m<br \/>\n<\/span><span style=\"letter-spacing: 0.0px;\">1. Platz bei den Landesmeisterschaften Rheinland-Pfalz in Kaiserslautern im K1 (weibliche Jugend) \u00fcber 500 m<br \/>\n<\/span><span style=\"letter-spacing: 0.0px;\">1. Platz bei den Landesmeisterschaften Rheinland-Pfalz in Kaiserslautern im K2 (weibliche Jugend) \u00fcber 500 m<\/span><\/p>\n<p><span style=\"letter-spacing: 0.0px;\">insgesamt vier Siege, zwei zweite Pl\u00e4tze und drei dritte Pl\u00e4tze bei verschiedenen Regatten in der Saison<\/span><\/p>\n<p><span style=\"letter-spacing: 0.0px;\"><strong>Saison 2012<\/strong><\/span><\/p>\n<p><span style=\"letter-spacing: 0.0px;\">3. Platz bei den S\u00fcddeutschen Meisterschaften in Mannheim im K2 (Sch\u00fclerinnen A) \u00fcber 2000 m<br \/>\n<\/span><span style=\"letter-spacing: 0.0px;\">8. Platz bei den Deutschen Meisterschaften in Brandenburg im K4 (Sch\u00fclerinnen A) \u00fcber 2000 m<\/span><\/p>\n<p><span style=\"letter-spacing: 0.0px;\">insgesamt vier Siege, vier zweite Pl\u00e4tze und vier dritte Pl\u00e4tze bei verschiedenen Regatten in der Saison<\/span><span style=\"font-family: 'Lucida Grande'; letter-spacing: 0px;\"><br \/>\n<\/span><\/p>\n<p><span style=\"letter-spacing: 0.0px;\"><strong>Saison 2011<\/strong><\/span><\/p>\n<p><span style=\"letter-spacing: 0.0px;\">2. Platz bei den S\u00fcddeutschen Meisterschaften in Mannheim im K4 (Sch\u00fclerinnen A) \u00fcber 2000 m<br \/>\n<\/span><span style=\"letter-spacing: 0.0px;\">5. Platz bei den Deutschen Meisterschaften in M\u00fcnchen im K4 (Sch\u00fclerinnen A) \u00fcber 2000 m<br \/>\n<\/span><span style=\"letter-spacing: 0.0px;\">2. Platz bei den Landesmeisterschaften Baden-W\u00fcrttemberg im K1 (Sch\u00fclerinnen A) \u00fcber 1500 m<br \/>\n<\/span><span style=\"letter-spacing: 0.0px;\">2. Platz bei den Landesmeisterschaften Baden-W\u00fcrttemberg im Kanumehrkampf<br \/>\n<\/span><span style=\"letter-spacing: 0.0px;\">3. Platz bei den Landesmeisterschaften Baden-W\u00fcrttemberg im K2 (Sch\u00fclerinnen A) \u00fcber 500 m<br \/>\n<\/span><span style=\"letter-spacing: 0.0px;\">3. Platz bei den Landesmeisterschaften Baden-W\u00fcrttemberg im K4 (Sch\u00fclerinnen A) \u00fcber 500 m<\/span><\/p>\n<p><span style=\"letter-spacing: 0px;\">insgesamt zwei Siege, acht zweite Pl\u00e4tze und 11 dritte Pl\u00e4tze bei verschiedenen Regatten in der Saison<\/span><\/p>\n<p><span style=\"letter-spacing: 0.0px;\"><strong>Saison 2010<\/strong><\/span><\/p>\n<p><span style=\"letter-spacing: 0.0px;\">1. Platz bei den S\u00fcddeutschen Meisterschaften in Wiesbaden-Schierstein im K2 (Sch\u00fclerinnen B) \u00fcber 2000m<br \/>\n<\/span><span style=\"letter-spacing: 0.0px;\">1. Platz bei den S\u00fcddeutschen Meisterschaften in M\u00fcnchen im K2 (Sch\u00fclerinnen B) \u00fcber 500m<br \/>\n<\/span><span style=\"letter-spacing: 0.0px;\">3. Platz bei den S\u00fcddeutschen Meisterschaften in M\u00fcnchen im K1 (AK 12) Kanumehrkampf<br \/>\n<\/span><span style=\"letter-spacing: 0.0px;\">1. Platz bei den Landesmeisterschaften Rheinland-Pfalz in Wiesbaden-Schierstein im K2 (Sch\u00fclerinnen B) \u00fcber 2000m<br \/>\n<\/span><span style=\"letter-spacing: 0.0px;\">1. Platz bei den Landesmeisterschaften Rheinland-Pfalz in Kaiserslautern im K2 (Sch\u00fclerinnen B) \u00fcber 500m<br \/>\n<\/span><span style=\"letter-spacing: 0.0px;\">2. Platz bei den Landesmeisterschaften Rheinland-Pfalz in Kaiserslautern im K2 (Sch\u00fclerinnen A) \u00fcber 500m<\/span><\/p>\n<p><span style=\"font-family: 'Lucida Grande'; letter-spacing: 0px;\"><span style=\"letter-spacing: 0px; font-family: 'Libre Franklin', 'Helvetica Neue', helvetica, arial, sans-serif; font-size: 1rem;\">insgesamt sieben Siege, acht zweite Pl\u00e4tze und vier dritte Pl\u00e4tze bei den verschiedenen Regatten in der Saison<\/span><br \/>\n<\/span><\/p>\n<p><span style=\"letter-spacing: 0.0px;\"><strong>Saison 2009<\/strong><\/span><\/p>\n<p><span style=\"letter-spacing: 0.0px;\">1. Platz bei den S\u00fcddeutschen Meisterschaften in Wiesbaden-Schierstein im K4 (Sch\u00fclerinnen B) \u00fcber 2000m<br \/>\n<\/span><span style=\"letter-spacing: 0.0px;\">2. Platz bei den S\u00fcddeutschen Meisterschaften in Wiesbaden-Schierstein im K4 (Sch\u00fclerinnen B) \u00fcber 500m<br \/>\n<\/span><span style=\"letter-spacing: 0.0px;\">1.Platz bei den Landesmeisterschaften Rheinland-Pfalz in Kaiserslautern im K1 (AK 11) \u00fcber 300m<br \/>\n<\/span><span style=\"letter-spacing: 0.0px;\">2. Platz bei den Landesmeisterschaften Rheinland-Pfalz in Kaiserslautern im\u00a0K2 (Sch\u00fclerinnen A) \u00fcber 500m<br \/>\n<\/span><span style=\"letter-spacing: 0.0px;\">3. Platz bei den Landesmeisterschaften Rheinland-Pfalz in Kaiserslautern K2 (Sch\u00fclerinnen B) \u00fcber 500m<\/span><\/p>\n<p><span style=\"letter-spacing: 0.0px;\">\u00a0<\/span><span style=\"letter-spacing: 0.0px;\">insgesamt f\u00fcnf Siege, 17 zweite Pl\u00e4tze und sechs dritte Pl\u00e4tze bei den verschiedenen Regatten in der Saison<\/span><\/p>\n","protected":false},"excerpt":{"rendered":"<p>Saison 2023 3. Platz bei der Deutschen Marathon Meisterschaft in Rheine im K1 \u00fcber 19,1 km 3. Platz bei einem internationalen Wettkampf in Sanabria (ESP) im K4 \u00fcber 5 km (Nationalmannschaft) 3. Platz bei einem internationalen Wettkampf in Valladolid (ESP) im K4 \u00fcber 5 km (Nationalmannschaft) insgesamt drei dritte Pl\u00e4tze bei verschiedenen Regatten in der &hellip; <\/p>\n<p class=\"link-more\"><a href=\"http:\/\/lisa.ploetz-online.de\/?page_id=119\" class=\"more-link\">Mehr <span class=\"screen-reader-text\">\u00fcber &#8222;Kanuerfolge&#8220; <\/span>Lesen<\/a><\/p>\n","protected":false},"author":1,"featured_media":0,"parent":0,"menu_order":0,"comment_status":"closed","ping_status":"closed","template":"","meta":{"footnotes":""},"class_list":["post-119","page","type-page","status-publish","hentry"],"_links":{"self":[{"href":"http:\/\/lisa.ploetz-online.de\/index.php?rest_route=\/wp\/v2\/pages\/119","targetHints":{"allow":["GET"]}}],"collection":[{"href":"http:\/\/lisa.ploetz-online.de\/index.php?rest_route=\/wp\/v2\/pages"}],"about":[{"href":"http:\/\/lisa.ploetz-online.de\/index.php?rest_route=\/wp\/v2\/types\/page"}],"author":[{"embeddable":true,"href":"http:\/\/lisa.ploetz-online.de\/index.php?rest_route=\/wp\/v2\/users\/1"}],"replies":[{"embeddable":true,"href":"http:\/\/lisa.ploetz-online.de\/index.php?rest_route=%2Fwp%2Fv2%2Fcomments&post=119"}],"version-history":[{"count":20,"href":"http:\/\/lisa.ploetz-online.de\/index.php?rest_route=\/wp\/v2\/pages\/119\/revisions"}],"predecessor-version":[{"id":493,"href":"http:\/\/lisa.ploetz-online.de\/index.php?rest_route=\/wp\/v2\/pages\/119\/revisions\/493"}],"wp:attachment":[{"href":"http:\/\/lisa.ploetz-online.de\/index.php?rest_route=%2Fwp%2Fv2%2Fmedia&parent=119"}],"curies":[{"name":"wp","href":"https:\/\/api.w.org\/{rel}","templated":true}]}}